{"id":1211,"date":"2024-03-19T19:45:52","date_gmt":"2024-03-19T19:45:52","guid":{"rendered":"https:\/\/www.przyjemnedlaoka.pl\/?page_id=1211"},"modified":"2025-01-09T09:40:47","modified_gmt":"2025-01-09T09:40:47","slug":"trattoria-degusti","status":"publish","type":"page","link":"https:\/\/www.przyjemnedlaoka.pl\/index.php\/trattoria-degusti\/","title":{"rendered":"Trattoria Degusti"},"content":{"rendered":"\n<div class=\"wp-block-group is-layout-constrained wp-block-group-is-layout-constrained\"><div class=\"wp-block-visual-portfolio alignwide\">\n<div class=\"vp-portfolio vp-uid-8a4efce9 vp-id-eLFjF\"\n\tdata-vp-layout=\"tiles\" data-vp-content-source=\"images\" data-vp-items-style=\"default\" data-vp-items-click-action=\"\" data-vp-items-gap=\"15\" data-vp-items-gap-vertical=\"\" data-vp-pagination=\"load-more\" data-vp-next-page-url=\"\" data-vp-tiles-type=\"3|1,1|\" >\n\t<div class=\"vp-portfolio__preloader-wrap\">\n\t\t<div class=\"vp-portfolio__preloader\">\n\t\t\t<img decoding=\"async\" loading=\"eager\" src=\"https:\/\/www.przyjemnedlaoka.pl\/wp-content\/plugins\/visual-portfolio\/assets\/images\/logo-dark.svg\" alt=\"Wizualne portfolio, wpisy i galeria obrazk\u00f3w dla WordPressa\" width=\"20\" height=\"20\" data-skip-lazy>\n\t\t<\/div>\n\t<\/div>\n\t\t<div class=\"vp-portfolio__items-wrap\">\n\t\t\t\n<div class=\"vp-portfolio__items vp-portfolio__items-style-default vp-portfolio__items-show-overlay-hover\">\n\n\t\t<div\t\tclass=\"vp-portfolio__item-wrap vp-portfolio__item-uid-eaa99d41\" data-vp-filter=\"\" \t\t>\n\t\t\t\t\t\t\t\t\t<figure class=\"vp-portfolio__item\">\n\t\t\t\t\n<div class=\"vp-portfolio__item-img-wrap\">\n\t<div class=\"vp-portfolio__item-img\">\n\t\t\n\t\t<img loading=\"lazy\" decoding=\"async\" width=\"1000\" height=\"1250\" src=\"https:\/\/www.przyjemnedlaoka.pl\/wp-content\/uploads\/2021\/12\/fotografia-kulinarna33-1000x1250.jpg\" class=\"wp-image-803\" alt=\"\" srcset=\"https:\/\/www.przyjemnedlaoka.pl\/wp-content\/uploads\/2021\/12\/fotografia-kulinarna33-1000x1250.jpg 1000w, https:\/\/www.przyjemnedlaoka.pl\/wp-content\/uploads\/2021\/12\/fotografia-kulinarna33-240x300.jpg 240w, https:\/\/www.przyjemnedlaoka.pl\/wp-content\/uploads\/2021\/12\/fotografia-kulinarna33-819x1024.jpg 819w, https:\/\/www.przyjemnedlaoka.pl\/wp-content\/uploads\/2021\/12\/fotografia-kulinarna33-768x960.jpg 768w, https:\/\/www.przyjemnedlaoka.pl\/wp-content\/uploads\/2021\/12\/fotografia-kulinarna33-1229x1536.jpg 1229w, https:\/\/www.przyjemnedlaoka.pl\/wp-content\/uploads\/2021\/12\/fotografia-kulinarna33-280x350.jpg 280w, https:\/\/www.przyjemnedlaoka.pl\/wp-content\/uploads\/2021\/12\/fotografia-kulinarna33.jpg 1536w\" sizes=\"auto, (max-width: 1000px) 100vw, 1000px\" \/>\n\t\t<div class=\"vp-portfolio__item-overlay\">\n\t\t\t\t\t<\/div>\n\n\t\t\t<\/div>\n<\/div>\n\n\t\t\t<\/figure>\n\t\t\t\t\t<\/div>\n\t\t\n\t\t<div\t\tclass=\"vp-portfolio__item-wrap vp-portfolio__item-uid-227f0eab\" data-vp-filter=\"\" \t\t>\n\t\t\t\t\t\t\t\t\t<figure class=\"vp-portfolio__item\">\n\t\t\t\t\n<div class=\"vp-portfolio__item-img-wrap\">\n\t<div class=\"vp-portfolio__item-img\">\n\t\t\n\t\t<img loading=\"lazy\" decoding=\"async\" width=\"1000\" height=\"667\" src=\"https:\/\/www.przyjemnedlaoka.pl\/wp-content\/uploads\/2021\/12\/fotografia-kulinarna32-1-1000x667.jpg\" class=\"wp-image-806\" alt=\"\" srcset=\"https:\/\/www.przyjemnedlaoka.pl\/wp-content\/uploads\/2021\/12\/fotografia-kulinarna32-1-1000x667.jpg 1000w, https:\/\/www.przyjemnedlaoka.pl\/wp-content\/uploads\/2021\/12\/fotografia-kulinarna32-1-300x200.jpg 300w, https:\/\/www.przyjemnedlaoka.pl\/wp-content\/uploads\/2021\/12\/fotografia-kulinarna32-1-1024x683.jpg 1024w, https:\/\/www.przyjemnedlaoka.pl\/wp-content\/uploads\/2021\/12\/fotografia-kulinarna32-1-768x512.jpg 768w, https:\/\/www.przyjemnedlaoka.pl\/wp-content\/uploads\/2021\/12\/fotografia-kulinarna32-1-1536x1024.jpg 1536w, https:\/\/www.przyjemnedlaoka.pl\/wp-content\/uploads\/2021\/12\/fotografia-kulinarna32-1-525x350.jpg 525w, https:\/\/www.przyjemnedlaoka.pl\/wp-content\/uploads\/2021\/12\/fotografia-kulinarna32-1.jpg 1920w\" sizes=\"auto, (max-width: 1000px) 100vw, 1000px\" \/>\n\t\t<div class=\"vp-portfolio__item-overlay\">\n\t\t\t\t\t<\/div>\n\n\t\t\t<\/div>\n<\/div>\n\n\t\t\t<\/figure>\n\t\t\t\t\t<\/div>\n\t\t\n\t\t<div\t\tclass=\"vp-portfolio__item-wrap vp-portfolio__item-uid-9ad91193\" data-vp-filter=\"\" \t\t>\n\t\t\t\t\t\t\t\t\t<figure class=\"vp-portfolio__item\">\n\t\t\t\t\n<div class=\"vp-portfolio__item-img-wrap\">\n\t<div class=\"vp-portfolio__item-img\">\n\t\t\n\t\t<img loading=\"lazy\" decoding=\"async\" width=\"1000\" height=\"1250\" src=\"https:\/\/www.przyjemnedlaoka.pl\/wp-content\/uploads\/2021\/12\/fotografia-kulinarna16-1-1000x1250.jpg\" class=\"wp-image-774\" alt=\"\" srcset=\"https:\/\/www.przyjemnedlaoka.pl\/wp-content\/uploads\/2021\/12\/fotografia-kulinarna16-1-1000x1250.jpg 1000w, https:\/\/www.przyjemnedlaoka.pl\/wp-content\/uploads\/2021\/12\/fotografia-kulinarna16-1-240x300.jpg 240w, https:\/\/www.przyjemnedlaoka.pl\/wp-content\/uploads\/2021\/12\/fotografia-kulinarna16-1-819x1024.jpg 819w, https:\/\/www.przyjemnedlaoka.pl\/wp-content\/uploads\/2021\/12\/fotografia-kulinarna16-1-768x960.jpg 768w, https:\/\/www.przyjemnedlaoka.pl\/wp-content\/uploads\/2021\/12\/fotografia-kulinarna16-1-1229x1536.jpg 1229w, https:\/\/www.przyjemnedlaoka.pl\/wp-content\/uploads\/2021\/12\/fotografia-kulinarna16-1-280x350.jpg 280w, https:\/\/www.przyjemnedlaoka.pl\/wp-content\/uploads\/2021\/12\/fotografia-kulinarna16-1.jpg 1312w\" sizes=\"auto, (max-width: 1000px) 100vw, 1000px\" \/>\n\t\t<div class=\"vp-portfolio__item-overlay\">\n\t\t\t\t\t<\/div>\n\n\t\t\t<\/div>\n<\/div>\n\n\t\t\t<\/figure>\n\t\t\t\t\t<\/div>\n\t\t\n\t\t<div\t\tclass=\"vp-portfolio__item-wrap vp-portfolio__item-uid-a51ad214\" data-vp-filter=\"\" \t\t>\n\t\t\t\t\t\t\t\t\t<figure class=\"vp-portfolio__item\">\n\t\t\t\t\n<div class=\"vp-portfolio__item-img-wrap\">\n\t<div class=\"vp-portfolio__item-img\">\n\t\t\n\t\t<img loading=\"lazy\" decoding=\"async\" width=\"1000\" height=\"1499\" src=\"https:\/\/www.przyjemnedlaoka.pl\/wp-content\/uploads\/2021\/12\/fotografia-kulinarna14-1000x1499.jpg\" class=\"wp-image-763\" alt=\"\" srcset=\"https:\/\/www.przyjemnedlaoka.pl\/wp-content\/uploads\/2021\/12\/fotografia-kulinarna14-1000x1499.jpg 1000w, https:\/\/www.przyjemnedlaoka.pl\/wp-content\/uploads\/2021\/12\/fotografia-kulinarna14-200x300.jpg 200w, https:\/\/www.przyjemnedlaoka.pl\/wp-content\/uploads\/2021\/12\/fotografia-kulinarna14-683x1024.jpg 683w, https:\/\/www.przyjemnedlaoka.pl\/wp-content\/uploads\/2021\/12\/fotografia-kulinarna14-768x1151.jpg 768w, https:\/\/www.przyjemnedlaoka.pl\/wp-content\/uploads\/2021\/12\/fotografia-kulinarna14-1025x1536.jpg 1025w, https:\/\/www.przyjemnedlaoka.pl\/wp-content\/uploads\/2021\/12\/fotografia-kulinarna14-233x350.jpg 233w, https:\/\/www.przyjemnedlaoka.pl\/wp-content\/uploads\/2021\/12\/fotografia-kulinarna14.jpg 1226w\" sizes=\"auto, (max-width: 1000px) 100vw, 1000px\" \/>\n\t\t<div class=\"vp-portfolio__item-overlay\">\n\t\t\t\t\t<\/div>\n\n\t\t\t<\/div>\n<\/div>\n\n\t\t\t<\/figure>\n\t\t\t\t\t<\/div>\n\t\t\n\t\t<div\t\tclass=\"vp-portfolio__item-wrap vp-portfolio__item-uid-4fcada3b\" data-vp-filter=\"\" \t\t>\n\t\t\t\t\t\t\t\t\t<figure class=\"vp-portfolio__item\">\n\t\t\t\t\n<div class=\"vp-portfolio__item-img-wrap\">\n\t<div class=\"vp-portfolio__item-img\">\n\t\t\n\t\t<img loading=\"lazy\" decoding=\"async\" width=\"929\" height=\"619\" src=\"https:\/\/www.przyjemnedlaoka.pl\/wp-content\/uploads\/2021\/12\/fotografia-kulinarna13.jpg\" class=\"wp-image-762\" alt=\"\" srcset=\"https:\/\/www.przyjemnedlaoka.pl\/wp-content\/uploads\/2021\/12\/fotografia-kulinarna13.jpg 929w, https:\/\/www.przyjemnedlaoka.pl\/wp-content\/uploads\/2021\/12\/fotografia-kulinarna13-300x200.jpg 300w, https:\/\/www.przyjemnedlaoka.pl\/wp-content\/uploads\/2021\/12\/fotografia-kulinarna13-768x512.jpg 768w, https:\/\/www.przyjemnedlaoka.pl\/wp-content\/uploads\/2021\/12\/fotografia-kulinarna13-525x350.jpg 525w\" sizes=\"auto, (max-width: 929px) 100vw, 929px\" \/>\n\t\t<div class=\"vp-portfolio__item-overlay\">\n\t\t\t\t\t<\/div>\n\n\t\t\t<\/div>\n<\/div>\n\n\t\t\t<\/figure>\n\t\t\t\t\t<\/div>\n\t\t\n<\/div>\n\t\t<\/div>\n\t\t\n<\/div>\n<\/div><\/div>\n","protected":false},"excerpt":{"rendered":"","protected":false},"author":1,"featured_media":0,"parent":0,"menu_order":0,"comment_status":"closed","ping_status":"closed","template":"","meta":{"_exactmetrics_skip_tracking":false,"_exactmetrics_sitenote_active":false,"_exactmetrics_sitenote_note":"","_exactmetrics_sitenote_category":0,"_vp_format_video_url":"","_vp_image_focal_point":[],"footnotes":""},"class_list":["post-1211","page","type-page","status-publish","hentry"],"yoast_head":"<!-- This site is optimized with the Yoast SEO plugin v20.1 - https:\/\/yoast.com\/wordpress\/plugins\/seo\/ -->\n<title>Fotografia kulinarna - sesja zdj\u0119ciowa dla restauracji<\/title>\n<meta name=\"description\" content=\"Sesja zdj\u0119ciowa dla w\u0142oskiej restauracji. Zdj\u0119cia reklamowe w restauracji, fotografia kulinarna do wykorzystania w social mediach.\" \/>\n<meta name=\"robots\" content=\"index, follow, max-snippet:-1, max-image-preview:large, max-video-preview:-1\" \/>\n<link rel=\"canonical\" href=\"https:\/\/www.przyjemnedlaoka.pl\/index.php\/trattoria-degusti\/\" \/>\n<meta property=\"og:locale\" content=\"pl_PL\" \/>\n<meta property=\"og:type\" content=\"article\" \/>\n<meta property=\"og:title\" content=\"Fotografia kulinarna - sesja zdj\u0119ciowa dla restauracji\" \/>\n<meta property=\"og:description\" content=\"Sesja zdj\u0119ciowa dla w\u0142oskiej restauracji. Zdj\u0119cia reklamowe w restauracji, fotografia kulinarna do wykorzystania w social mediach.\" \/>\n<meta property=\"og:url\" content=\"https:\/\/www.przyjemnedlaoka.pl\/index.php\/trattoria-degusti\/\" \/>\n<meta property=\"og:site_name\" content=\"Fotografia reklamowa przyjemna dla oka\" \/>\n<meta property=\"article:modified_time\" content=\"2025-01-09T09:40:47+00:00\" \/>\n<meta name=\"twitter:card\" content=\"summary_large_image\" \/>\n<script type=\"application\/ld+json\" class=\"yoast-schema-graph\">{\"@context\":\"https:\/\/schema.org\",\"@graph\":[{\"@type\":\"WebPage\",\"@id\":\"https:\/\/www.przyjemnedlaoka.pl\/index.php\/trattoria-degusti\/\",\"url\":\"https:\/\/www.przyjemnedlaoka.pl\/index.php\/trattoria-degusti\/\",\"name\":\"Fotografia kulinarna - sesja zdj\u0119ciowa dla restauracji\",\"isPartOf\":{\"@id\":\"https:\/\/www.przyjemnedlaoka.pl\/#website\"},\"datePublished\":\"2024-03-19T19:45:52+00:00\",\"dateModified\":\"2025-01-09T09:40:47+00:00\",\"description\":\"Sesja zdj\u0119ciowa dla w\u0142oskiej restauracji. Zdj\u0119cia reklamowe w restauracji, fotografia kulinarna do wykorzystania w social mediach.\",\"breadcrumb\":{\"@id\":\"https:\/\/www.przyjemnedlaoka.pl\/index.php\/trattoria-degusti\/#breadcrumb\"},\"inLanguage\":\"pl-PL\",\"potentialAction\":[{\"@type\":\"ReadAction\",\"target\":[\"https:\/\/www.przyjemnedlaoka.pl\/index.php\/trattoria-degusti\/\"]}]},{\"@type\":\"BreadcrumbList\",\"@id\":\"https:\/\/www.przyjemnedlaoka.pl\/index.php\/trattoria-degusti\/#breadcrumb\",\"itemListElement\":[{\"@type\":\"ListItem\",\"position\":1,\"name\":\"Strona g\u0142\u00f3wna\",\"item\":\"https:\/\/www.przyjemnedlaoka.pl\/\"},{\"@type\":\"ListItem\",\"position\":2,\"name\":\"Trattoria Degusti\"}]},{\"@type\":\"WebSite\",\"@id\":\"https:\/\/www.przyjemnedlaoka.pl\/#website\",\"url\":\"https:\/\/www.przyjemnedlaoka.pl\/\",\"name\":\"Fotografia reklamowa przyjemna dla oka\",\"description\":\"Zdj\u0119cia, kt&oacute;re sprzedaj\u0105. Kreatywna fotografia produktowa. Fotografia reklamowa Krak&oacute;w. \",\"publisher\":{\"@id\":\"https:\/\/www.przyjemnedlaoka.pl\/#organization\"},\"potentialAction\":[{\"@type\":\"SearchAction\",\"target\":{\"@type\":\"EntryPoint\",\"urlTemplate\":\"https:\/\/www.przyjemnedlaoka.pl\/?s={search_term_string}\"},\"query-input\":\"required name=search_term_string\"}],\"inLanguage\":\"pl-PL\"},{\"@type\":\"Organization\",\"@id\":\"https:\/\/www.przyjemnedlaoka.pl\/#organization\",\"name\":\"Przyjemne dla oka\",\"url\":\"https:\/\/www.przyjemnedlaoka.pl\/\",\"logo\":{\"@type\":\"ImageObject\",\"inLanguage\":\"pl-PL\",\"@id\":\"https:\/\/www.przyjemnedlaoka.pl\/#\/schema\/logo\/image\/\",\"url\":\"https:\/\/www.przyjemnedlaoka.pl\/wp-content\/uploads\/2020\/12\/PRZYJEMNE-DLA-OKA-LOGO.jpg\",\"contentUrl\":\"https:\/\/www.przyjemnedlaoka.pl\/wp-content\/uploads\/2020\/12\/PRZYJEMNE-DLA-OKA-LOGO.jpg\",\"width\":556,\"height\":370,\"caption\":\"Przyjemne dla oka\"},\"image\":{\"@id\":\"https:\/\/www.przyjemnedlaoka.pl\/#\/schema\/logo\/image\/\"}}]}<\/script>\n<!-- \/ Yoast SEO plugin. -->","yoast_head_json":{"title":"Fotografia kulinarna - sesja zdj\u0119ciowa dla restauracji","description":"Sesja zdj\u0119ciowa dla w\u0142oskiej restauracji. Zdj\u0119cia reklamowe w restauracji, fotografia kulinarna do wykorzystania w social mediach.","robots":{"index":"index","follow":"follow","max-snippet":"max-snippet:-1","max-image-preview":"max-image-preview:large","max-video-preview":"max-video-preview:-1"},"canonical":"https:\/\/www.przyjemnedlaoka.pl\/index.php\/trattoria-degusti\/","og_locale":"pl_PL","og_type":"article","og_title":"Fotografia kulinarna - sesja zdj\u0119ciowa dla restauracji","og_description":"Sesja zdj\u0119ciowa dla w\u0142oskiej restauracji. Zdj\u0119cia reklamowe w restauracji, fotografia kulinarna do wykorzystania w social mediach.","og_url":"https:\/\/www.przyjemnedlaoka.pl\/index.php\/trattoria-degusti\/","og_site_name":"Fotografia reklamowa przyjemna dla oka","article_modified_time":"2025-01-09T09:40:47+00:00","twitter_card":"summary_large_image","schema":{"@context":"https:\/\/schema.org","@graph":[{"@type":"WebPage","@id":"https:\/\/www.przyjemnedlaoka.pl\/index.php\/trattoria-degusti\/","url":"https:\/\/www.przyjemnedlaoka.pl\/index.php\/trattoria-degusti\/","name":"Fotografia kulinarna - sesja zdj\u0119ciowa dla restauracji","isPartOf":{"@id":"https:\/\/www.przyjemnedlaoka.pl\/#website"},"datePublished":"2024-03-19T19:45:52+00:00","dateModified":"2025-01-09T09:40:47+00:00","description":"Sesja zdj\u0119ciowa dla w\u0142oskiej restauracji. Zdj\u0119cia reklamowe w restauracji, fotografia kulinarna do wykorzystania w social mediach.","breadcrumb":{"@id":"https:\/\/www.przyjemnedlaoka.pl\/index.php\/trattoria-degusti\/#breadcrumb"},"inLanguage":"pl-PL","potentialAction":[{"@type":"ReadAction","target":["https:\/\/www.przyjemnedlaoka.pl\/index.php\/trattoria-degusti\/"]}]},{"@type":"BreadcrumbList","@id":"https:\/\/www.przyjemnedlaoka.pl\/index.php\/trattoria-degusti\/#breadcrumb","itemListElement":[{"@type":"ListItem","position":1,"name":"Strona g\u0142\u00f3wna","item":"https:\/\/www.przyjemnedlaoka.pl\/"},{"@type":"ListItem","position":2,"name":"Trattoria Degusti"}]},{"@type":"WebSite","@id":"https:\/\/www.przyjemnedlaoka.pl\/#website","url":"https:\/\/www.przyjemnedlaoka.pl\/","name":"Fotografia reklamowa przyjemna dla oka","description":"Zdj\u0119cia, kt&oacute;re sprzedaj\u0105. Kreatywna fotografia produktowa. Fotografia reklamowa Krak&oacute;w. ","publisher":{"@id":"https:\/\/www.przyjemnedlaoka.pl\/#organization"},"potentialAction":[{"@type":"SearchAction","target":{"@type":"EntryPoint","urlTemplate":"https:\/\/www.przyjemnedlaoka.pl\/?s={search_term_string}"},"query-input":"required name=search_term_string"}],"inLanguage":"pl-PL"},{"@type":"Organization","@id":"https:\/\/www.przyjemnedlaoka.pl\/#organization","name":"Przyjemne dla oka","url":"https:\/\/www.przyjemnedlaoka.pl\/","logo":{"@type":"ImageObject","inLanguage":"pl-PL","@id":"https:\/\/www.przyjemnedlaoka.pl\/#\/schema\/logo\/image\/","url":"https:\/\/www.przyjemnedlaoka.pl\/wp-content\/uploads\/2020\/12\/PRZYJEMNE-DLA-OKA-LOGO.jpg","contentUrl":"https:\/\/www.przyjemnedlaoka.pl\/wp-content\/uploads\/2020\/12\/PRZYJEMNE-DLA-OKA-LOGO.jpg","width":556,"height":370,"caption":"Przyjemne dla oka"},"image":{"@id":"https:\/\/www.przyjemnedlaoka.pl\/#\/schema\/logo\/image\/"}}]}},"_links":{"self":[{"href":"https:\/\/www.przyjemnedlaoka.pl\/index.php\/wp-json\/wp\/v2\/pages\/1211","targetHints":{"allow":["GET"]}}],"collection":[{"href":"https:\/\/www.przyjemnedlaoka.pl\/index.php\/wp-json\/wp\/v2\/pages"}],"about":[{"href":"https:\/\/www.przyjemnedlaoka.pl\/index.php\/wp-json\/wp\/v2\/types\/page"}],"author":[{"embeddable":true,"href":"https:\/\/www.przyjemnedlaoka.pl\/index.php\/wp-json\/wp\/v2\/users\/1"}],"replies":[{"embeddable":true,"href":"https:\/\/www.przyjemnedlaoka.pl\/index.php\/wp-json\/wp\/v2\/comments?post=1211"}],"version-history":[{"count":2,"href":"https:\/\/www.przyjemnedlaoka.pl\/index.php\/wp-json\/wp\/v2\/pages\/1211\/revisions"}],"predecessor-version":[{"id":1403,"href":"https:\/\/www.przyjemnedlaoka.pl\/index.php\/wp-json\/wp\/v2\/pages\/1211\/revisions\/1403"}],"wp:attachment":[{"href":"https:\/\/www.przyjemnedlaoka.pl\/index.php\/wp-json\/wp\/v2\/media?parent=1211"}],"curies":[{"name":"wp","href":"https:\/\/api.w.org\/{rel}","templated":true}]}}